{"id":2484,"date":"2023-03-19T10:00:13","date_gmt":"2023-03-19T08:00:13","guid":{"rendered":"https:\/\/palemontech.eu\/?post_type=product&#038;p=2484"},"modified":"2026-02-10T09:33:17","modified_gmt":"2026-02-10T07:33:17","slug":"lackierte-metallpalette-mbk-900","status":"publish","type":"product","link":"https:\/\/palemontech.eu\/?product=lackierte-metallpalette-mbk-900&lang=de","title":{"rendered":"Lackierte Metallpalette MBK 900"},"content":{"rendered":"<p>Metallpalette mit Kran\u00f6sen, RAL 2004<\/p>\n<p>Dieser Palettentyp eignet sich f\u00fcr den Transport und die Bewegung von Waren, f\u00fcr die Lagerung von Materialien sowie eine perfekte Option f\u00fcr die Lagerorganisation Der Rahmen unten erm\u00f6glicht das Anheben mit einem Gabelstapler von allen Seiten sowie die M\u00f6glichkeit, die Palette zu wenden .<\/p>\n<p>Hier sehen Sie ein 3D-Modell der Palette:<\/p>\n<p><a href=\"https:\/\/grabcad.com\/library\/mbk-900-1\">3D-Modell MBK 900<\/a><\/p>\n","protected":false},"excerpt":{"rendered":"<p>Metallpalette mit Kran\u00f6sen, RAL 2004 Dieser Palettentyp eignet sich f\u00fcr den Transport und die Bewegung von Waren, f\u00fcr die Lagerung von Materialien sowie eine perfekte Option f\u00fcr die Lagerorganisation Der&hellip;<\/p>\n<p class=\"product woocommerce add_to_cart_inline \" style=\"border:4px solid #ccc; padding: 12px;\"><span class=\"woocommerce-Price-amount amount\"><bdi>255,00&nbsp;<span class=\"woocommerce-Price-currencySymbol\">&euro;<\/span><\/bdi><\/span><a href=\"\/index.php?rest_route=%2Fwp%2Fv2%2Fproduct%2F2484&#038;add-to-cart=2484\" aria-describedby=\"woocommerce_loop_add_to_cart_link_describedby_2484\" data-quantity=\"1\" class=\"button product_type_simple add_to_cart_button ajax_add_to_cart\" data-product_id=\"2484\" data-product_sku=\"\" aria-label=\"\u0414\u043e\u0431\u0430\u0432\u0438 \u0432 \u043a\u043e\u043b\u0438\u0447\u043a\u0430\u0442\u0430: &ldquo;Lackierte Metallpalette MBK 900&rdquo;\" rel=\"nofollow\" data-success_message=\"&ldquo;Lackierte Metallpalette MBK 900&rdquo; has been added to your cart\" role=\"button\">\u0414\u043e\u0431\u0430\u0432\u044f\u043d\u0435 \u0432 \u043a\u043e\u043b\u0438\u0447\u043a\u0430\u0442\u0430<\/a>\t<span id=\"woocommerce_loop_add_to_cart_link_describedby_2484\" class=\"screen-reader-text\"><br \/>\n\t\t\t<\/span><\/p>\n","protected":false},"featured_media":1143,"template":"","meta":[],"product_brand":[],"product_cat":[797],"product_tag":[801,803],"class_list":{"0":"post-2484","1":"product","2":"type-product","3":"status-publish","4":"has-post-thumbnail","6":"product_cat-lackierte-paletten-aus-metall-de","7":"product_tag-lackierte-de","8":"product_tag-metallpalette-de","9":"pa_aload-3500-kg-de","10":"pa_fill-height-600-mm-de","11":"pa_length-900-mm-de","12":"pa_model-mbk900-de","13":"pa_own-weight-103-kg-de","14":"pa_payload-1800-kg-de","15":"pa_theight-790-mm-de","16":"pa_width-900-mm-de","18":"first","19":"instock","20":"shipping-taxable","21":"purchasable","22":"product-type-simple"},"_links":{"self":[{"href":"https:\/\/palemontech.eu\/index.php?rest_route=\/wp\/v2\/product\/2484","targetHints":{"allow":["GET"]}}],"collection":[{"href":"https:\/\/palemontech.eu\/index.php?rest_route=\/wp\/v2\/product"}],"about":[{"href":"https:\/\/palemontech.eu\/index.php?rest_route=\/wp\/v2\/types\/product"}],"wp:featuredmedia":[{"embeddable":true,"href":"https:\/\/palemontech.eu\/index.php?rest_route=\/wp\/v2\/media\/1143"}],"wp:attachment":[{"href":"https:\/\/palemontech.eu\/index.php?rest_route=%2Fwp%2Fv2%2Fmedia&parent=2484"}],"wp:term":[{"taxonomy":"product_brand","embeddable":true,"href":"https:\/\/palemontech.eu\/index.php?rest_route=%2Fwp%2Fv2%2Fproduct_brand&post=2484"},{"taxonomy":"product_cat","embeddable":true,"href":"https:\/\/palemontech.eu\/index.php?rest_route=%2Fwp%2Fv2%2Fproduct_cat&post=2484"},{"taxonomy":"product_tag","embeddable":true,"href":"https:\/\/palemontech.eu\/index.php?rest_route=%2Fwp%2Fv2%2Fproduct_tag&post=2484"}],"curies":[{"name":"wp","href":"https:\/\/api.w.org\/{rel}","templated":true}]}}