{"id":2460,"date":"2023-03-19T07:47:11","date_gmt":"2023-03-19T05:47:11","guid":{"rendered":"https:\/\/palemontech.eu\/?post_type=product&#038;p=2460"},"modified":"2024-12-01T00:00:51","modified_gmt":"2024-11-30T22:00:51","slug":"gitterpalette-gb-1006v","status":"publish","type":"product","link":"https:\/\/palemontech.eu\/?product=gitterpalette-gb-1006v&lang=de","title":{"rendered":"Gitterpalette GB 1006V"},"content":{"rendered":"<p>Gitterpalleten mit Kran\u00f6sen, stapelbar, verzinkt, Stahlgitter mit Korbma\u00df 50&#215;50 mm, Seitenteil zum \u00d6ffnen.<\/p>\n","protected":false},"excerpt":{"rendered":"<p>Gitterpalleten mit Kran\u00f6sen, stapelbar, verzinkt, Stahlgitter mit Korbma\u00df 50&#215;50 mm, Seitenteil zum \u00d6ffnen.<\/p>\n","protected":false},"featured_media":496,"template":"","meta":[],"product_brand":[],"product_cat":[789],"product_tag":[845],"class_list":{"0":"post-2460","1":"product","2":"type-product","3":"status-publish","4":"has-post-thumbnail","6":"product_cat-gitterpaletten-upgrades-de","7":"product_tag-gitterpalleten-de","8":"pa_aload-3000-kg-de","9":"pa_fill-height-650-mm-de","10":"pa_length-1200mm-de","11":"pa_model-gb1006v-de","12":"pa_own-weight-60-kg-de","13":"pa_payload-1000-kg-de","14":"pa_theight-900-mm-de","15":"pa_width-800-mm-de","17":"first","18":"instock","19":"shipping-taxable","20":"purchasable","21":"product-type-simple"},"_links":{"self":[{"href":"https:\/\/palemontech.eu\/index.php?rest_route=\/wp\/v2\/product\/2460","targetHints":{"allow":["GET"]}}],"collection":[{"href":"https:\/\/palemontech.eu\/index.php?rest_route=\/wp\/v2\/product"}],"about":[{"href":"https:\/\/palemontech.eu\/index.php?rest_route=\/wp\/v2\/types\/product"}],"wp:featuredmedia":[{"embeddable":true,"href":"https:\/\/palemontech.eu\/index.php?rest_route=\/wp\/v2\/media\/496"}],"wp:attachment":[{"href":"https:\/\/palemontech.eu\/index.php?rest_route=%2Fwp%2Fv2%2Fmedia&parent=2460"}],"wp:term":[{"taxonomy":"product_brand","embeddable":true,"href":"https:\/\/palemontech.eu\/index.php?rest_route=%2Fwp%2Fv2%2Fproduct_brand&post=2460"},{"taxonomy":"product_cat","embeddable":true,"href":"https:\/\/palemontech.eu\/index.php?rest_route=%2Fwp%2Fv2%2Fproduct_cat&post=2460"},{"taxonomy":"product_tag","embeddable":true,"href":"https:\/\/palemontech.eu\/index.php?rest_route=%2Fwp%2Fv2%2Fproduct_tag&post=2460"}],"curies":[{"name":"wp","href":"https:\/\/api.w.org\/{rel}","templated":true}]}}