{"id":2627,"date":"2023-03-22T10:42:44","date_gmt":"2023-03-22T08:42:44","guid":{"rendered":"https:\/\/palemontech.eu\/?page_id=2627"},"modified":"2023-04-09T12:27:23","modified_gmt":"2023-04-09T09:27:23","slug":"datenschutz-bestimmungen","status":"publish","type":"page","link":"https:\/\/palemontech.eu\/?page_id=2627&lang=de","title":{"rendered":"Datenschutz-Bestimmungen"},"content":{"rendered":"<h2>Datenschutz-Bestimmungen<\/h2>\n<p>\u00dcber uns<br \/>\nUnsere Webadresse lautet: https:\/\/www.palemontech.eu<\/p>\n<p>Unternehmensdaten \u2013 \u201ePALEMONTEH\u201c EOOD, vertreten durch Andre Ureh, Verwaltungsadresse \u2013 Montana, Glamata area 534, EIK: 202473648, Kontakttelefon: 0888014325.<\/p>\n<p>Welche personenbezogenen Daten wir sammeln und warum<br \/>\nKommentare<br \/>\nWenn Besucher Kommentare auf der Website hinterlassen, erfassen wir die im Kommentarformular angezeigten Daten sowie die IP-Adresse des Besuchers und die Benutzer-Browser-ID, um Spam zu erkennen.<\/p>\n<p>Eine anonyme Zeichenfolge basierend auf Ihrer E-Mail-Adresse kann dem Gravatar-Dienst zur Verf\u00fcgung gestellt werden, um zu \u00fcberpr\u00fcfen, ob Sie ihn verwenden. Die Datenschutzerkl\u00e4rung von Gravatar finden Sie hier: https:\/\/automattic.com\/privacy\/. Sobald Ihr Kommentar genehmigt wurde, ist Ihr Profilbild f\u00fcr ihn \u00f6ffentlich sichtbar.<\/p>\n<p>Dateien<br \/>\nWenn Sie Bilder auf die Website hochladen, sollten Sie das Hochladen von Bildern mit eingebetteten Standortdaten (EXIF GPS) vermeiden. Website-Besucher k\u00f6nnen Standortdaten aus Bildern auf der Website herunterladen und extrahieren.<\/p>\n<p>Kontaktformulare<br \/>\nWenn jemand ein Kontaktformular absendet, erfassen wir als Daten den Namen und die E-Mail-Adresse. Wir speichern Kontaktanfragen f\u00fcr einen bestimmten Zeitraum zu Kundendienstzwecken, verwenden die bereitgestellten Informationen jedoch nicht f\u00fcr Marketingzwecke.<\/p>\n<p>Kekse<br \/>\nWenn Sie einen Kommentar auf unserer Seite hinterlassen, k\u00f6nnen Sie zulassen, dass Ihr Name, Ihre E-Mail-Adresse und Ihre Website in Cookies gespeichert werden. Diese dienen Ihrer Bequemlichkeit, damit Sie Ihre Daten nicht erneut eingeben m\u00fcssen, wenn Sie einen weiteren Kommentar hinterlassen. Diese Cookies werden ein Jahr lang aufbewahrt.<\/p>\n<p>Wenn Sie ein Konto haben und sich auf dieser Website anmelden, setzen wir ein tempor\u00e4res Cookie, um festzustellen, ob Ihr Browser Cookies akzeptiert. Dieses Cookie enth\u00e4lt keine personenbezogenen Daten und wird gel\u00f6scht, wenn Sie Ihren Browser schlie\u00dfen.<\/p>\n<p>Wenn Sie sich bei Ihrem Konto auf der Website anmelden, speichern einige weitere Cookies Ihre Anmeldeinformationen und Ihre Einstellungen f\u00fcr das, was auf dem Bildschirm angezeigt wird. Login-Cookies verfallen nach zwei Tagen und Bildschirmeinstellungen nach einem Jahr. Wenn Sie die Option \u201eErinnern\u201c w\u00e4hlen, werden Ihre Anmeldeinformationen zwei Wochen lang gespeichert. Wenn Sie sich von Ihrem Konto abmelden, werden die Login-Cookies gel\u00f6scht.<\/p>\n<p>Wenn Sie einen Artikel bearbeiten oder ver\u00f6ffentlichen, wird ein zus\u00e4tzlicher Cookie in Ihrem Browser gespeichert. Es enth\u00e4lt keine pers\u00f6nlichen Daten, sondern f\u00fcgt einfach die ID des Beitrags hinzu, den Sie gerade bearbeitet haben. L\u00e4uft an einem Tag ab.<\/p>\n<p>Eingebettete Inhalte von anderen Websites<br \/>\nBeitr\u00e4ge auf dieser Seite k\u00f6nnen eingebettet sein (Videos, Bilder, Inhalte etc.). Eingebettete Inhalte von anderen Websites behandeln und behandeln den Website-Besucher als Besucher seiner eigenen Website.<\/p>\n<p>Diese Websites k\u00f6nnen Daten \u00fcber Sie sammeln, Cookies verwenden, zus\u00e4tzliche Statistiktools von Drittanbietern einbetten, verfolgen, wie Sie diese Tools verwenden, einschlie\u00dflich, wie Sie eingebettete Inhalte konsumieren, wenn Sie ein Konto haben und auf der Website angemeldet sind.<\/p>\n<p>Wie lange wir Ihre personenbezogenen Daten aufbewahren<br \/>\nDie Dauer der Speicherung Ihrer personenbezogenen Daten h\u00e4ngt von den Verarbeitungszwecken ab, f\u00fcr die sie erhoben wurden:<\/p>\n<p>Die personenbezogenen Daten, die zum Zweck des Abschlusses\/der \u00c4nderung und Ausf\u00fchrung eines Vertrags \u00fcber die Lieferung bestellter Waren verarbeitet werden \u2013 nicht l\u00e4nger als 2 Jahre.<\/p>\n<p>Personenbezogene Daten, die zum Zweck der Ausstellung von Buchhaltungs-\/Finanzdokumenten f\u00fcr die Durchf\u00fchrung der Steuerversicherungskontrolle verarbeitet werden, wie z die geltenden Rechtsvorschriften l\u00e4ngerfristig vorsehen.<\/p>\n<p>F\u00fcr Benutzer, die sich auf unserer Website registrieren (falls vorhanden), speichern wir auch die pers\u00f6nlichen Informationen, die sie in ihrem Benutzerprofil angeben. Alle Benutzer k\u00f6nnen ihre pers\u00f6nlichen Daten jederzeit anzeigen, bearbeiten oder l\u00f6schen (au\u00dfer dass sie ihren Benutzernamen nicht \u00e4ndern k\u00f6nnen). Website-Administratoren k\u00f6nnen diese Informationen anzeigen und bearbeiten.<\/p>\n<p>Ihre Rechte an Ihren personenbezogenen Daten<br \/>\nWenn Sie ein Konto auf dieser Website haben oder Kommentare auf dieser Website hinterlassen haben, k\u00f6nnen Sie anfordern, eine Datei mit allen Daten zu erhalten, die wir \u00fcber Sie gespeichert haben, einschlie\u00dflich der Daten, die Sie uns zur Verf\u00fcgung gestellt haben. Sie k\u00f6nnen auch verlangen, dass wir die personenbezogenen Daten l\u00f6schen, die wir \u00fcber Sie gespeichert haben. Dies umfasst jedoch nicht die Daten, die wir aufgrund administrativer, sicherheitsrelevanter oder gesetzlicher Aufbewahrungspflichten speichern m\u00fcssen.<\/p>\n<p>Wie wir Ihre Daten verwenden<br \/>\nBesucher-Kommentare k\u00f6nnen von einem automatischen Spam-Kommentar-Pr\u00fcfdienst \u00fcberpr\u00fcft werden.<\/p>\n","protected":false},"excerpt":{"rendered":"<p>Datenschutz-Bestimmungen \u00dcber uns Unsere Webadresse lautet: https:\/\/www.palemontech.eu Unternehmensdaten \u2013 \u201ePALEMONTEH\u201c EOOD, vertreten durch Andre Ureh, Verwaltungsadresse \u2013 Montana, Glamata area 534, EIK: 202473648, Kontakttelefon: 0888014325. Welche personenbezogenen Daten wir sammeln&hellip;<a href=\"https:\/\/palemontech.eu\/?page_id=2627&#038;lang=de\" class=\"more-link\"><span class=\"more-button\">Continue reading<span class=\"screen-reader-text\">Datenschutz-Bestimmungen<\/span><\/span><\/a><\/p>\n","protected":false},"author":3,"featured_media":0,"parent":0,"menu_order":0,"comment_status":"closed","ping_status":"closed","template":"elementor_header_footer","meta":{"footnotes":""},"class_list":["post-2627","page","type-page","status-publish","hentry"],"_links":{"self":[{"href":"https:\/\/palemontech.eu\/index.php?rest_route=\/wp\/v2\/pages\/2627","targetHints":{"allow":["GET"]}}],"collection":[{"href":"https:\/\/palemontech.eu\/index.php?rest_route=\/wp\/v2\/pages"}],"about":[{"href":"https:\/\/palemontech.eu\/index.php?rest_route=\/wp\/v2\/types\/page"}],"author":[{"embeddable":true,"href":"https:\/\/palemontech.eu\/index.php?rest_route=\/wp\/v2\/users\/3"}],"replies":[{"embeddable":true,"href":"https:\/\/palemontech.eu\/index.php?rest_route=%2Fwp%2Fv2%2Fcomments&post=2627"}],"version-history":[{"count":3,"href":"https:\/\/palemontech.eu\/index.php?rest_route=\/wp\/v2\/pages\/2627\/revisions"}],"predecessor-version":[{"id":2723,"href":"https:\/\/palemontech.eu\/index.php?rest_route=\/wp\/v2\/pages\/2627\/revisions\/2723"}],"wp:attachment":[{"href":"https:\/\/palemontech.eu\/index.php?rest_route=%2Fwp%2Fv2%2Fmedia&parent=2627"}],"curies":[{"name":"wp","href":"https:\/\/api.w.org\/{rel}","templated":true}]}}